What is the highest common factor of y and 15?
15
Suppose -60 + 329 = 3*w - 4*z, 4*z = -2*w + 186. Let c(l) = l**3 - 3*l**2 - 2*l + 5. Let d be c(4). What is the highest common factor of w and d?
13
Suppose -4*c + 3*r + 91 = 0, 107 = 5*c - 0*c + 3*r. Calculate the greatest common divisor of c and 2.
2
Let b(w) = -36*w - 6. Let x be b(3). Let j = -78 - x. Calculate the highest common factor of 9 and j.
9
Suppose 3*j - 3*w = 177, -3*j - 4*w + 94 = -48. Let a(f) = 8*f**2 + 3*f - 2. Let d be a(2). What is the greatest common divisor of d and j?
18
Let l be 4/(-6) - (-6)/9. Suppose -2*o - 3*o + 60 = l. Let y = 21 - o. Calculate the highest common factor of 3 and y.
3
Let y be ((-5)/2)/((-1)/4). Let d be (-6)/4*(-112)/6. Let t be 48/d + (-4)/(-14). Calculate the greatest common divisor of t and y.
2
Suppose 3 = y, -2*y + 3 = -b + 4. Let q(o) = o**3 - 8*o**2 + 9*o - 9. Let x be q(8). What is the greatest common divisor of x and b?
7
Let j(p) = -2*p**2 + 46*p + 34. Let v be j(23). What is the highest common factor of v and 17?
17
Let h be 3*2/15 + 1256/10. Calculate the greatest common factor of 9 and h.
9
Let y = -56 + 89. Calculate the highest common factor of y and 44.
11
Let o(n) = -n - 2. Let a be o(7). Let h be 4/6 + (-12)/a. Suppose h*p = 10 + 26. Calculate the highest common divisor of 18 and p.
18
Suppose -2*c = -3 - 9. Suppose 3*k = 3*d - 132, d - 3*k = 3*d - 108. Suppose 2*j - 6*j = -d. Calculate the highest common factor of c and j.
6
Let n = -9 - -11. Suppose -l - 2*l = 0. Suppose n*v - 42 = -l*v. Calculate the highest common factor of v and 3.
3
Let d(f) = f**2 - 25*f + 32. Let i be d(24). What is the greatest common divisor of 72 and i?
8
Suppose 4*o - 5*l = 82, -3*l + 6*l + 6 = 0. Let x = 132 - 87. What is the highest common divisor of x and o?
9
Suppose -5*o - 6 = l, 0 = -3*l - 2*l - 2*o - 122. Let u = -4 - l. What is the greatest common factor of u and 154?
22
Let p be 40/6 - 4/6. Suppose -n + 10 = 4*c, p*c - 3*c + 10 = n. Suppose 155 = 2*h + u - 6*u, 2*h - 163 = -3*u. What is the highest common factor of n and h?
10
Suppose -5*d - 2 = -3*u, 3*u + 4 = d - 2*d. Let k be 2 - (u - -1)/3. Suppose -6 = -k*j + 8. What is the highest common divisor of 7 and j?
7
Let y be (-18)/(-4) - 2/4. Let s(r) = -2*r + 21. Let w be s(-9). Suppose 0 = y*q - q - w. Calculate the highest common divisor of 104 and q.
13
Let v(d) = d**2. Let p be v(2). Suppose c = -4*a + 16, 0 = a + p*c - 4. Calculate the greatest common divisor of a and 28.
4
Let l be ((-18)/12)/(1/(-2)). Let t be (-1)/l - (-100)/12. Calculate the highest common divisor of t and 8.
8
Suppose -99 = -3*t + 5*u - 2*u, -4*u = 5*t - 138. Calculate the greatest common divisor of t and 18.
6
Suppose 4*t = -4*w + 61 + 11, 64 = 4*w + 2*t. Let u = -3 + w. What is the highest common factor of 1 and u?
1
Let j = -69 - -45. Let x = j - -41. Calculate the highest common divisor of x and 119.
17
Let c(t) = t. Let f be c(0). Suppose -40 = -5*l - f*l. Calculate the greatest common divisor of l and 2.
2
Suppose 21*t - 23*t + 10 = 0. Suppose d - 4*b = -3*b + 3, 0 = -2*d - 3*b + 16. What is the greatest common factor of d and t?
5
Let t(j) = -j**2 + 7*j + 12. Let c be t(7). What is the highest common factor of 20 and c?
4
Suppose -5*v + 2*v + 5*i = -73, 0 = -3*v + i + 65. Calculate the greatest common factor of 105 and v.
21
Let a = -15 + 11. Let l be (42/(-9))/(a/24). What is the greatest common divisor of 4 and l?
4
Let v be 47 - 2 - (1 - 3). Let f = v - 34. Let c be (-12 + -1)*(-27 - -26). What is the highest common divisor of c and f?
13
Let s be (-10)/3*15/(-2). Let z = 102 - s. Suppose 0 = -0*o + 2*o - 14. Calculate the greatest common divisor of o and z.
7
Let g = 291 + -210. What is the highest common factor of 18 and g?
9
Suppose t - 125 = -5*f, -3*f + 5*t - 33 = -80. Let s be ((-32)/10)/(2/(-105)). What is the highest common divisor of f and s?
24
Let k be 7*(3 + -5)/(-2). Let x = k - 5. Calculate the greatest common factor of 22 and x.
2
Let a = -145 + 444. Calculate the greatest common factor of a and 13.
13
Suppose 3*s = -5*s + 224. What is the greatest common factor of 7 and s?
7
Let u be 8/(-2) - -51*4/3. Calculate the greatest common divisor of 8 and u.
8
Let d be (0 + -11)*-3 + 2. Let y = -7 + 14. What is the highest common divisor of y and d?
7
Let m be (2 + (0 - 3))*-51. Let g = m - 26. Calculate the greatest common divisor of 225 and g.
25
Suppose 393 = 5*a - 507. Let k = 46 + -28. What is the highest common factor of a and k?
18
Suppose 4*f - 156 = -44. What is the greatest common divisor of 308 and f?
28
Let j be 0 - (-2 - (-108)/3). Let p be (j/6)/((-2)/6). What is the greatest common factor of 153 and p?
17
Let h be (3/(-2))/((-2)/40). Suppose m = 4*m - h. Calculate the highest common divisor of m and 50.
10
Suppose 2*z = 5*z + r - 132, 5*z - 213 = -4*r. Calculate the greatest common factor of 30 and z.
15
Suppose 0 = 13*s - 14*s + 15. What is the highest common factor of 120 and s?
15
Let g be 5/4*(-136 - 0). Let c = g + 296. Calculate the highest common divisor of c and 14.
14
Suppose -6*r = -4*r - 3*q - 30, 0 = -5*r - 3*q + 117. What is the highest common divisor of r and 3?
3
Let v(a) = -2*a - 1. Let n(j) = 1 + 2 + j - 2. Let k be n(-2). Let r be v(k). What is the greatest common divisor of 7 and r?
1
Let v = -74 + 75. What is the greatest common divisor of v and 9?
1
Let v be 106 + (-2 - -2 - 2). Let i(b) = 2*b + 1. Let s be i(6). Calculate the highest common divisor of s and v.
13
Suppose f = 3*f + 2*t - 26, t - 4 = 0. Calculate the greatest common factor of f and 45.
9
Let c be (4 + 15 - 1) + -4. Suppose c = 4*b + 2*v - 0*v, -5*v + 25 = 0. What is the highest common factor of 3 and b?
1
Suppose -5*p - 41 = -2*q, 0*p + 40 = 2*q - 4*p. What is the highest common factor of 36 and q?
18
Let b be ((-74)/3)/((-2)/3). Suppose 0 = 5*i - 58 - b. Calculate the highest common divisor of 76 and i.
19
Suppose -4*b = 5*d - 276, -5*d + 426 = 5*b + 81. Calculate the highest common divisor of b and 345.
69
Let c(k) = -k**2 - k + 14. Let m be c(0). Let y be (-1264)/(-10) - (-2)/(-5). What is the greatest common divisor of y and m?
14
Let b = -50 - -59. What is the greatest common factor of 99 and b?
9
Suppose -2*j = -0*q + 4*q - 42, 4*q - 2*j = 22. Let k = q - 6. Suppose 0 = -3*o + 2*o + 2. What is the highest common divisor of k and o?
2
Let a be (2/(-3))/((-18)/189). What is the greatest common factor of 63 and a?
7
Let i = -27 - -42. Suppose 2 + 4 = 2*k. Suppose -2*n = -5*y + 817, 2*y = -2*n + 341 - k. Calculate the greatest common divisor of y and i.
15
Suppose 3*n = 2*p - 10, 2*n = -p + 7*n - 2. Let l = 4 - -8. What is the greatest common factor of l and p?
4
Let r be (14/4 - -1)*2. Suppose 5*f + 0*f = 90. Calculate the highest common divisor of f and r.
9
Suppose z = 3*z + 1072. Suppose -w - 276 = -1043. Let q = z + w. What is the greatest common factor of q and 21?
21
Suppose 0 = 2*s - s + 2. Let q be (6 + s)*2/4. Calculate the highest common divisor of 4 and q.
2
Suppose -3*l + 1 = 4*j, -l - 2*j - 1 - 2 = 0. Calculate the greatest common factor of 77 and l.
7
Let q(p) = p**2 + 5*p + 5. Suppose -5*u - a - 25 = 4*a, -5*a = u + 5. Let v be q(u). What is the greatest common divisor of v and 5?
5
Let t(b) = -2*b**2 - 2*b - 1. Let g be t(-1). Let z(v) = -8*v**3 + v**2 - 1. Let s be z(g). What is the greatest common factor of s and 32?
8
Let a be (-4)/6*(-150)/20. What is the greatest common divisor of a and 40?
5
Let w be (-3)/4 + ((-417)/(-12) - 8). What is the greatest common divisor of w and 13?
13
Let c = 13 - 28. Let j = c - -31. Calculate the highest common divisor of 4 and j.
4
Let t = 8 - 6. Suppose -3*b = -t*b - 2. Calculate the greatest common divisor of b and 2.
2
Suppose b - 2*b - u + 19 = 0, -3*u + 41 = 2*b. What is the highest common divisor of 176 and b?
16
Suppose 18 + 0 = 2*k - 4*a, a - 18 = -4*k. Suppose -56 = -4*l + 4*q, 5*l - 29 = -k*q + 61. What is the highest common factor of l and 48?
16
Suppose 0 = 8*k - 9*k. Suppose 8*z + 212 - 524 = k. What is the greatest common factor of 26 and z?
13
Let s = 120 + -105. Calculate the greatest common divisor of s and 12.
3
Let o(n) be the third derivative of n**4/8 - n**3/2 - 2*n**2. Let m be o(5). Calculate the highest common fac